
2
What is the highest common factor of 16 and 40?
8
Calculate the greatest common factor of 210 and 1134.
42
What is the greatest common factor of 51 and 77061?
51
Calculate the greatest common factor of 54 and 729.
27
Calculate the highest common factor of 112 and 144.
16
Calculate the highest common factor of 415 and 2158.
83
What is the highest common divisor of 20 and 136?
4
Calculate the highest common factor of 64 and 192.
64
Calculate the highest common factor of 22 and 814.
22
Calculate the greatest common divisor of 3575 and 572.
143
What is the highest common factor of 3484 and 52?
52
Calculate the greatest common divisor of 116 and 87.
29
What is the greatest common divisor of 2492 and 28?
28
What is the greatest common divisor of 1392 and 48?
48
What is the greatest common divisor of 2 and 11?
1
What is the highest common divisor of 989 and 46?
23
What is the greatest common factor of 1443 and 111?
111
What is the highest common factor of 561 and 408?
51
What is the highest common divisor of 240 and 750?
30
What is the highest common divisor of 399 and 63?
21
Calculate the highest common divisor of 210 and 7392.
42
Calculate the highest common factor of 122 and 41053.
61
What is the greatest common factor of 1730 and 20?
10
What is the greatest common divisor of 476 and 2516?
68
What is the highest common factor of 198 and 561?
33
What is the highest common divisor of 256 and 24?
8
What is the greatest common factor of 105 and 15?
15
Calculate the greatest common factor of 26 and 8034.
26
What is the greatest common divisor of 52 and 52?
52
What is the highest common divisor of 25 and 9445?
5
Calculate the highest common factor of 3649 and 41.
41
Calculate the highest common divisor of 21430 and 10.
10
What is the highest common divisor of 110 and 10505?
55
What is the highest common divisor of 120 and 860?
20
Calculate the highest common divisor of 96 and 600.
24
What is the greatest common factor of 7 and 55342?
7
What is the highest common divisor of 26 and 50?
2
What is the highest common factor of 156 and 4?
4
Calculate the greatest common divisor of 252 and 7740.
36
Calculate the greatest common factor of 6486 and 6.
6
Calculate the highest common divisor of 48 and 20364.
12
Calculate the highest common divisor of 216 and 252.
36
What is the highest common factor of 213 and 2485?
71
What is the highest common factor of 360 and 1692?
36
What is the highest common divisor of 1120 and 35?
35
Calculate the greatest common factor of 7672 and 56.
56
What is the greatest common divisor of 72 and 48?
24
What is the highest common divisor of 18 and 33498?
18
What is the greatest common divisor of 140 and 340?
20
Calculate the greatest common divisor of 606 and 12.
6
What is the greatest common divisor of 567 and 2187?
81
Calculate the greatest common factor of 393 and 3.
3
Calculate the greatest common factor of 105 and 5.
5
What is the greatest common factor of 306 and 18?
18
Calculate the greatest common divisor of 58 and 319.
29
What is the greatest common factor of 175 and 560?
35
What is the greatest common divisor of 3796 and 364?
52
Calculate the greatest common divisor of 460 and 160.
20
Calculate the greatest common factor of 36 and 2244.
12
Calculate the greatest common factor of 99 and 2.
1
Calculate the highest common divisor of 44 and 572.
44
What is the highest common divisor of 80 and 2220?
20
Calculate the highest common divisor of 29909 and 11.
11
What is the greatest common divisor of 891 and 330?
33
What is the greatest common factor of 217 and 2759?
31
What is the highest common factor of 31140 and 40?
20
Calculate the greatest common divisor of 76465 and 410.
205
Calculate the highest common divisor of 52 and 494.
26
Calculate the greatest common factor of 30 and 162.
6
What is the highest common factor of 11 and 33?
11
What is the highest common divisor of 665 and 38?
19
Calculate the highest common divisor of 324 and 144.
36
Calculate the greatest common factor of 18 and 27.
9
What is the greatest common factor of 15 and 56460?
15
What is the greatest common divisor of 546 and 434?
14
Calculate the highest common divisor of 4 and 961.
1
Calculate the greatest common divisor of 50 and 90.
10
Calculate the greatest common divisor of 5 and 1685.
5
What is the greatest common divisor of 142 and 2911?
71
What is the highest common factor of 4420 and 2600?
260
What is the greatest common factor of 8 and 200?
8
What is the highest common divisor of 12 and 192?
12
What is the highest common factor of 78 and 2?
2
Calculate the highest common divisor of 26 and 9815.
13
What is the highest common divisor of 192 and 288?
96
What is the highest common divisor of 619 and 1?
1
What is the greatest common divisor of 54 and 2742?
6
Calculate the greatest common factor of 9 and 246.
3
What is the highest common factor of 321 and 9?
3
Calculate the highest common divisor of 99 and 38214.
99
Calculate the greatest common divisor of 2236 and 26.
26
Calculate the greatest common divisor of 156 and 208.
52
Calculate the highest common divisor of 120 and 345.
15
What is the greatest common factor of 7904 and 182?
26
What is the greatest common divisor of 962 and 13?
13
Calculate the highest common factor of 4386 and 51.
51
Calculate the highest common factor of 253 and 23.
23
Calculate the highest common factor of 20 and 130.
10
Calculate the greatest common divisor of 11 and 2519.
11
What is the greatest common factor of 133 and 38?
19
What is the greatest common divisor of 248 and 2852?
124
Calculate the greatest common factor of 88 and 312.
8
Calculate the greatest common divisor of 110 and 44.
22
What is the greatest common divisor of 22 and 38071?
11
What is the highest common factor of 250 and 10?
10
What is the highest common divisor of 88 and 396?
44
Calculate the highest common factor of 12 and 273.
3
Calculate the highest common divisor of 12250 and 280.
70
What is the highest common factor of 11 and 660?
11
Calculate the greatest common divisor of 189 and 7479.
27
Calculate the highest common divisor of 77 and 6853.
77
What is the highest common divisor of 28 and 476?
28
Calculate the highest common factor of 5499 and 26.
13
What is the greatest common factor of 2037 and 97?
97
What is the highest common factor of 108 and 264?
12
Calculate the highest common divisor of 53 and 901.
53
What is the greatest common divisor of 299 and 46?
23
Calculate the highest common divisor of 69 and 345.
69
Calculate the greatest common factor of 83 and 5.
1
What is the highest common factor of 39 and 23088?
39
Calculate the greatest common divisor of 6 and 226.
2
Calculate the highest common divisor of 208 and 312.
104
Calculate the greatest common divisor of 39 and 7371.
39
What is the highest common divisor of 1720 and 40?
40
Calculate the greatest common factor of 1036 and 74.
74
What is the highest common divisor of 92 and 32?
4
Calculate the highest common factor of 36 and 8604.
36
What is the greatest common factor of 3584 and 14?
14
Calculate the greatest common factor of 112 and 116.
4
Calculate the highest common divisor of 36 and 300.
12
Calculate the greatest common factor of 84 and 12.
12
Calculate the greatest common divisor of 430 and 10.
10
Calculate the greatest common divisor of 30 and 2655.
15
Calculate the greatest common divisor of 508 and 127.
127
Calculate the greatest common factor of 666 and 18426.
222
What is the highest common divisor of 40 and 760?
40
What is the greatest common factor of 14 and 10836?
14
What is the highest common divisor of 14 and 266?
14
What is the greatest common divisor of 2635 and 170?
85
What is the highest common factor of 36873 and 459?
153
Calculate the greatest common divisor of 40 and 16.
8
What is the greatest common factor of 176 and 112?
16
Calculate the highest common divisor of 150 and 15.
15
What is the highest common divisor of 184 and 207?
23
Calculate the greatest common divisor of 6970 and 680.
170
Calculate the highest common factor of 913 and 166.
83
What is the highest common factor of 40 and 3370?
10
Calculate the highest common factor of 28 and 5572.
28
Calculate the highest common factor of 5529 and 114.
57
What is the greatest common divisor of 11 and 88?
11
Wha